{"id":299,"date":"2019-03-26T15:20:10","date_gmt":"2019-03-26T15:20:10","guid":{"rendered":"https:\/\/www.inspiritlab.com\/?page_id=299"},"modified":"2019-04-01T11:54:26","modified_gmt":"2019-04-01T11:54:26","slug":"avis-legal-i-politica-de-cookies-cat","status":"publish","type":"page","link":"https:\/\/www.inspiritlab.com\/index.php\/avis-legal-i-politica-de-cookies-cat\/","title":{"rendered":"Av\u00eds Legal i Pol\u00edtica de Cookies CAT"},"content":{"rendered":"\t\t<div data-elementor-type=\"wp-post\" data-elementor-id=\"299\" class=\"elementor elementor-299\">\n\t\t\t\t\t\t<div class=\"elementor-inner\">\n\t\t\t\t<div class=\"elementor-section-wrap\">\n\t\t\t\t\t\t\t\t\t<section class=\"elementor-section elementor-top-section elementor-element elementor-element-dd1f5b5 elementor-section-boxed elementor-section-height-default elementor-section-height-default\" data-id=\"dd1f5b5\" data-element_type=\"section\">\n\t\t\t\t\t\t<div class=\"elementor-container elementor-column-gap-default\">\n\t\t\t\t\t\t\t<div class=\"elementor-row\">\n\t\t\t\t\t<div class=\"elementor-column elementor-col-100 elementor-top-column elementor-element elementor-element-65370854\" data-id=\"65370854\" data-element_type=\"column\">\n\t\t\t<div class=\"elementor-column-wrap elementor-element-populated\">\n\t\t\t\t\t\t\t<div class=\"elementor-widget-wrap\">\n\t\t\t\t\t\t<div class=\"elementor-element elementor-element-f137c25 elementor-widget elementor-widget-spacer\" data-id=\"f137c25\" data-element_type=\"widget\" data-widget_type=\"spacer.default\">\n\t\t\t\t<div class=\"elementor-widget-container\">\n\t\t\t\t\t<div class=\"elementor-spacer\">\n\t\t\t<div class=\"elementor-spacer-inner\"><\/div>\n\t\t<\/div>\n\t\t\t\t<\/div>\n\t\t\t\t<\/div>\n\t\t\t\t<div class=\"elementor-element elementor-element-37bc1d1b elementor-widget elementor-widget-image\" data-id=\"37bc1d1b\" data-element_type=\"widget\" data-widget_type=\"image.default\">\n\t\t\t\t<div class=\"elementor-widget-container\">\n\t\t\t\t\t\t\t\t<div class=\"elementor-image\">\n\t\t\t\t\t\t\t\t\t\t\t\t<img width=\"300\" height=\"257\" src=\"https:\/\/www.inspiritlab.com\/wp-content\/uploads\/2019\/03\/GRUP-MUTUA-cat-300x257.jpg\" class=\"attachment-medium size-medium\" alt=\"\" loading=\"lazy\" srcset=\"https:\/\/www.inspiritlab.com\/wp-content\/uploads\/2019\/03\/GRUP-MUTUA-cat-300x257.jpg 300w, https:\/\/www.inspiritlab.com\/wp-content\/uploads\/2019\/03\/GRUP-MUTUA-cat-768x658.jpg 768w, https:\/\/www.inspiritlab.com\/wp-content\/uploads\/2019\/03\/GRUP-MUTUA-cat-1024x878.jpg 1024w, https:\/\/www.inspiritlab.com\/wp-content\/uploads\/2019\/03\/GRUP-MUTUA-cat.jpg 1063w\" sizes=\"(max-width: 34.9rem) calc(100vw - 2rem), (max-width: 53rem) calc(8 * (100vw \/ 12)), (min-width: 53rem) calc(6 * (100vw \/ 12)), 100vw\" \/>\t\t\t\t\t\t\t\t\t\t\t\t\t\t<\/div>\n\t\t\t\t\t\t<\/div>\n\t\t\t\t<\/div>\n\t\t\t\t\t\t<\/div>\n\t\t\t\t\t<\/div>\n\t\t<\/div>\n\t\t\t\t\t\t\t\t<\/div>\n\t\t\t\t\t<\/div>\n\t\t<\/section>\n\t\t\t\t<section class=\"elementor-section elementor-top-section elementor-element elementor-element-22309414 elementor-section-boxed elementor-section-height-default elementor-section-height-default\" data-id=\"22309414\" data-element_type=\"section\">\n\t\t\t\t\t\t<div class=\"elementor-container elementor-column-gap-default\">\n\t\t\t\t\t\t\t<div class=\"elementor-row\">\n\t\t\t\t\t<div class=\"elementor-column elementor-col-100 elementor-top-column elementor-element elementor-element-3c9714f2\" data-id=\"3c9714f2\" data-element_type=\"column\">\n\t\t\t<div class=\"elementor-column-wrap elementor-element-populated\">\n\t\t\t\t\t\t\t<div class=\"elementor-widget-wrap\">\n\t\t\t\t\t\t<div class=\"elementor-element elementor-element-1c4400a6 elementor-widget elementor-widget-text-editor\" data-id=\"1c4400a6\" data-element_type=\"widget\" data-widget_type=\"text-editor.default\">\n\t\t\t\t<div class=\"elementor-widget-container\">\n\t\t\t\t\t\t\t\t<div class=\"elementor-text-editor elementor-clearfix\">\n\t\t\t\t<div><div><h3 style=\"box-sizing: border-box; font-size: 1.875rem; margin: 0px 0px 0.75em; clear: both; line-height: 1.4; padding: 0px;\">Av\u00eds legal y Pol\u00edtica de Cookies<\/h3><div style=\"font-family: Roboto, sans-serif; font-size: 16px; font-weight: 400; letter-spacing: normal;\"><div>\u00a0<b>1. Dades d\u2019identificaci\u00f3\u00a0<\/b><\/div><\/div><div style=\"font-family: Roboto, sans-serif; font-size: 16px; font-weight: 400; letter-spacing: normal;\"><div><div><div><p>En compliment amb el deure d\u2019informaci\u00f3 recollit a l\u2019article 10 de la Llei 34\/2002, d\u201911 de juliol, de Serveis de la Societat de la Informaci\u00f3 i el Comer\u00e7 Electronic, a continuaci\u00f3 es reflecteixen les seg\u00fcents dades:<\/p><p>L\u2019empresa titular de <a href=\"https:\/\/www.mutua-enginyers.com\/\" target=\"_blank\" rel=\"noopener\">www.mutua-enginyers.com<\/a>, <a href=\"https:\/\/www.mutua-ingenieros.com\/\" target=\"_blank\" rel=\"noopener\">\u00a0www.mutua-ingenieros.com<\/a>, <a href=\"http:\/\/www.serpreco.com\" target=\"_blank\" rel=\"noopener\">www.serpreco.com<\/a>, <a href=\"http:\/\/www.mutuavalors.com\" target=\"_blank\" rel=\"noopener\">www.mutuavalors.com<\/a>, <a href=\"http:\/\/www.crouco.com\" target=\"_blank\" rel=\"noopener\">www.crouco.com<\/a>, <a href=\"http:\/\/www.inspiritmutua.com\" target=\"_blank\" rel=\"noopener\"><u><u>www.inspiritmutua.com<\/u><\/u><\/a>, <a href=\"https:\/\/www.inspiritlab.com\" target=\"_blank\" rel=\"noopener\">www.inspiritlab.com<\/a> i dels blogs especificats en aquest <a href=\"https:\/\/www.mutua-enginyers.com\/ca\/particulars\/grupmutua\/avis_legal\/blogs_de_l_entitat\" target=\"_self\"><u>enlla\u00e7<\/u><\/a> (en endavant els \u201cLlocs Web de l\u2019Entitat\u201d) \u00e9s La Mutualitat de Previsi\u00f3 Social del Col\u2022legi Oficial d\u2019Enginyers Industrials de Catalunya a prima fixa (en endavant l\u2019Entitat), amb domicili a aquests efectes al carrer Via Laietana 39, 2n de Barcelona (08003) i amb n\u00famero de C.I.F.: V-08430191, inscrita al Registre Mercantil de Barcelona al foli 18, volum 25.405, full n\u00ba B-87.907, inscripci\u00f3 1\u00aa, Gestora de Fons de Pensions n\u00ba G.01 i inscrita amb el n\u00fam.0099 en el RMPSV de Catalunya i amb el n\u00fam. P-3159 en el Registre d\u2019entitats asseguradores de la DGSFP.<\/p><p>A m\u00e9s del titular, i dependent del servei gestionat, consultat o contractat, s\u2019ha de donar detall de la resta d\u2019empreses del grup \u201cLa M\u00fatua\u201d, que es detallen a continuaci\u00f3:<\/p><ul><li>Serpreco, Corredoria d\u2019Assegurances, S.A., Corredoria d\u2019Assegurances de l\u2019Associaci\u00f3, Col\u00b7legi i M\u00fatua dels Enginyers Industrials de Catalunya amb domicili a la Via Laietana 39, 2n de Barcelona (08003) i amb n\u00famero CIF: A-58852518, inscrita al Registre Mercantil de Barcelona, volum 10.882, llibre 9822, foli 1 i full 127.830 i al Registre administratiu especial de mediadors d\u2019assegurances, de corredors de reassegurances i de llurs alts c\u00e0rrecs amb el n\u00fam. J00609. T\u00e9 concertada una asseguran\u00e7a de Responsabilitat Civil i Cauci\u00f3 de conformitat amb l\u2019art 27 de la Llei 26\/2006.<\/li><li>M\u00fatuavalors dels Enginyers, EAFI, S.L.U. amb domicili a la Via Laietana 37, 2n, 1r de Barcelona (08003) i amb n\u00famero de CIF: B-63.634.778, inscrita al Registre Mercantil de Barcelona al volum 37.110, foli 51, full B-298.772 i inscripci\u00f3 1a i al Registre Administratiu d\u2019Empreses d\u2019Assessorament Financer de la CNMV amb el n\u00famero 73.<\/li><li>Crouco Agencia de Suscripci\u00f3n, S.L. amb domicili a la Via Laietana 39, 2n de Barcelona (08003) i amb n\u00famero de CIF: B-64911183, inscrita al Registre Mercantil de Barcelona, foli 197, volum 40.638, full n\u00fam. B-370281, inscripci\u00f3 1a i al registre administratiu d\u2019ag\u00e8ncies de subscripci\u00f3 de la DGSFP amb la clau AS-45.<\/li><\/ul><p>Correu electr\u00f2nic de contacte: correu@mutua-enginyers.com.<\/p><p><b>2. Usuaris<\/b><\/p><p>L\u2019acc\u00e9s i\/o \u00fas d\u2019aquest portal de L\u2019Entitat atribueix la condici\u00f3 d\u2019USUARI, que accepta, des de l\u2019esmentat acc\u00e9s i\/o \u00fas, les condicions generals d\u2019\u00fas aqu\u00ed reflectides. Les citades condicions seran d\u2019aplicaci\u00f3 independentment de les condicions generals de contractaci\u00f3 que en el seu cas resultin d\u2019obligat compliment.<\/p><p><b>3. \u00das del portal\u00a0<\/b><\/p><p>Els llocs web de L\u2019Entitat proporcionen acc\u00e9s a multitud d\u2019informacions, serveis, programes o dades (en endavant, \u201cels continguts\u201d) en internet pertinents a L\u2019Entitat o als seus llicenciants als que l\u2019USUARI pugui tenir acc\u00e9s. L\u2019USUARI assumeix la responsabilitat d\u2019\u00fas del portal. Aquesta responsabilitat s\u2019est\u00e9n al registre que fos necessari per accedir a determinats serveis o continguts. En aquest registre l\u2019USUARI ser\u00e0 responsable de proporcionar informaci\u00f3 vera\u00e7 i l\u00edcita. Com a conseq\u00fc\u00e8ncia d\u2019aquest registre, a l\u2019USUARI se li pot proporcionar una contrasenya de la que ser\u00e0 responsable, comprometent-se a fer un \u00fas diligent i confidencial de la mateixa. L\u2019USUARI es compromet a fer un \u00fas adequat dels continguts i serveis (com per exemple serveis de xat, f\u00f2rums de discussi\u00f3 o grups de not\u00edcies) que L\u2019Entitat pot oferir a trav\u00e9s del seu portal i amb car\u00e0cter enunciatiu per\u00f2 no limitatiu, a no utilitzar-los per (i) inc\u00f3rrer en activitats il\u2022l\u00edcites, il\u2022legals o contraries a la bona fe i a l\u2019ordre p\u00fablic; (ii) difondre continguts o propaganda de car\u00e0cter racista, xen\u00f2fob, pornogr\u00e0fic il\u00b7legal, d\u2019apologia del terrorisme o atemptatori contra els drets humans; (iii) provocar danys als sistemes f\u00edsics i l\u00f2gics de L\u2019Entitat, dels seus prove\u00efdors o de terceres persones, introduir o difondre en la xarxa virus inform\u00e0tics o a qualsevol altre sistema f\u00edsic l\u00f2gic o que sigui susceptible de provocar els danys anteriorment mencionats; (iv) intentar accedir i, en el seu cas, utilitzar els comptes de correu electr\u00f2nic d\u2019altres usuaris i modificar o manipular els seus missatges. L\u2019Entitat es reserva el dret de retirar tots aquells comentaris i aportacions que vulnerin el respecte a la dignitat de la persona, que siguin discriminatoris, xen\u00f2fobs, racistes pornogr\u00e0fics, que atemptin conta la joventut o la inf\u00e0ncia, l\u2019ordre o la seguretat p\u00fablica o que, al seu judici, no resultessin adequats per la seva publicaci\u00f3. En qualsevol cas, L\u2019Entitat no ser\u00e0 responsable de les opinions publicades pels usuaris a traves dels f\u00f2rums, xats, o altes eines de participaci\u00f3.<\/p><p><b> <b>4. \u00das de cookies<\/b> <\/b><\/p><p>Quan es navega per qualsevols dels llocs web de L\u2019Entitat, vost\u00e8 dona el seu consentiment per a la instal\u2022laci\u00f3 de cookies als seus sistemes (b\u00e9 sigui amb la acceptaci\u00f3 expressa de l\u2019av\u00eds\u00a0o mitjan\u00e7ant la mera navegaci\u00f3). Les cookies s\u00f3n petits arxius de text que emmagatzema el navegador dins del disc dur del seu ordenador.<\/p><p><u>Cookies emprades<\/u><\/p><p>El lloc web empra cookies de dos tipus principals, pr\u00f2pies i de tercers.<\/p><p>L\u2019\u00fas de <b>cookies pr\u00f2pies<\/b> es necess\u00e0ria per a que quan \u00a0un Usuari navegui per qualsevol dels llocs web de La M\u00fatua, son funcions habituals d\u2019aquestes cookies facilitar que el servidor corresponent pugui recon\u00e8ixer la cookie i proporcionar informaci\u00f3 sobre la seva darrera visita, aix\u00ed com per a la gesti\u00f3 de sessions en cas de que l\u2019USUARI accedeixi emprant el seu usuari i contrasenya.<\/p><p>D\u2019altra banda, els llocs web de La M\u00fatua empren <b>cookies de terceres parts<\/b> amb la finalitat de recollir dades demogr\u00e0fiques per tal d\u2019identificar tend\u00e8ncies de acc\u00e9s als llocs web i estad\u00edstiques d\u2019\u00fas dels mateixos.<\/p><p><u>Desactivaci\u00f3 de cookies<\/u><\/p><p>La majoria dels navegadors admeten l\u2019\u00fas de cookies de forma autom\u00e0tica, per\u00f2 l\u2019USUARI pot configurar el seu navegador per a ser avisat a la pantalla del seu ordenador de la recepci\u00f3 de cookies i, d\u00b4aquesta forma impedir la seva instal\u2022laci\u00f3 al seu disc dur.<\/p><p>Per facilitar la tasca de desactivaci\u00f3 de cookies, es dona detall a continuaci\u00f3 per als navegadors m\u00e9s emprats:<\/p><ul><li>Chrome: <a href=\"http:\/\/support.google.com\/chrome\/bin\/answer.py?hl=es&amp;answer=95647\" target=\"_self\">http:\/\/support.google.com\/chrome\/bin\/answer.py?hl=es&amp;answer=95647<\/a><\/li><li>Explorer: <a href=\"https:\/\/support.microsoft.com\/es-es\/help\/17442\/windows-internet-explorer-delete-manage-cookies\" target=\"_self\">https:\/\/support.microsoft.com\/es-es\/help\/17442\/windows-internet-explorer-delete-manage-cookies<\/a><\/li><li>Firefox: <a href=\"http:\/\/support.mozilla.org\/es\/kb\/habilitar-y-deshabilitar-cookies-que-los-sitios-we\" target=\"_self\">http:\/\/support.mozilla.org\/es\/kb\/habilitar-y-deshabilitar-cookies-que-los-sitios-we<\/a><\/li><li>Safari: <a href=\"https:\/\/support.apple.com\/kb\/ph21411?locale=es_ES\" target=\"_self\">https:\/\/support.apple.com\/kb\/ph21411?locale=es_ES<\/a><\/li><\/ul><p>Aix\u00ed mateix, l\u2019informem que l\u2019Entitat en cap cas utilitza aquestes cookies per obtenir informaci\u00f3 dels USUARIS de la seva p\u00e0gina web\u00a0, ni enregistra les seves adreces IP.<\/p><p><b>5. Propietat intel\u00b7lectual\u00a0<\/b><\/p><p>L\u2019Entitat per si o com a cession\u00e0ria, \u00e9s titular de tots el drets de propietat intel\u2022lectual i industrial de la seva p\u00e0gina web, aix\u00ed com dels elements continguts en la mateixa (a t\u00edtol enunciatiu, imatges, sons, \u00e0udio, v\u00eddeo, software o texts; marques o logotips, combinacions de colors, estructura i disseny, selecci\u00f3 de materials utilitzats, programes d\u2019ordinador necessaris per al seu funcionament, acc\u00e9s i \u00fas, etc.), titularitat de l\u2019Entitat o be dels seus llicenciands. Tots els drets reservats. En virtut del que es disposat en els articles 8 i 32.1, par\u00e0graf segon, de la Llei de Propietat intel\u2022lectual, queden expressament prohibides la reproducci\u00f3, la distribuci\u00f3 i la comunicaci\u00f3 p\u00fablica, inclosa la seva modalitat de posada a disposici\u00f3, de la totalitat o part dels continguts d\u2019aquesta p\u00e0gina web, amb fins comercials, en qualsevol suport i per qualsevol mitj\u00e0 t\u00e8cnic, sense l\u2019autoritzaci\u00f3 de l\u2019Entitat. L\u2019USUARI es compromet a respectar els drets de Propietat Intel\u2022lectual i Industrial titularitat de l\u2019Entitat. Podr\u00e0 visualitzar els elements del portal i fins i tot imprimir-los, copiar-los i emmagatzemar-los en el disc dur del seu ordinador o en qualsevol altre suport disc sempre i quan sigui, \u00fanica i exclusivament, per al seu \u00fas personal i privat. L\u2019USUARI haur\u00e0 d\u2019abstenir-se de suprimir, alterar, eludir o manipular qualsevol dispositiu de protecci\u00f3 o sistema de seguretat que estigues instal\u2022lat en les p\u00e0gines de l\u2019Entitat.<\/p><p><b>6. Exclusi\u00f3 de garanties i responsabilitat\u00a0<\/b><\/p><p>L\u2019Entitat no es fa responsable, en qualsevol cas, dels danys i perjudicis de qualsevol naturalesa que poguessin ocasionar, a t\u00edtol enunciatiu: errors o omissions als continguts, falta de disponibilitat del portal o la transmissi\u00f3 de virus o programes maliciosos o lesius als continguts, malgrat d\u2019haver adoptat totes les mesures tecnol\u00f2giques necess\u00e0ries per a evitar-ho.<\/p><p><b>7. Modificacions\u00a0<\/b><\/p><p>L\u2019Entitat es reserva el dret d\u2019efectuar sense previ av\u00eds les modificacions que consideri oportunes en el seu portal i canviar, suprimir o afegir tant els continguts i serveis que es prestin a trav\u00e9s de la mateixa com la forma en la que aquests apareguin presentats o localitzats en el seu portal.<\/p><p><b>8. Enlla\u00e7os\u00a0<\/b><\/p><p>En el cas de que en qualsevol dels llocs web de l\u2019Entitat es disposessin d\u2019enlla\u00e7os o h\u00edper vincles a altres llocs d\u2019internet, l\u2019Entitat no exercir\u00e0 cap tipus de control sobre els llocs i continguts esmentats. En cap cas l\u2019Entitat assumir\u00e0 responsabilitat alguna pels continguts d\u2019algun enlla\u00e7 pertinent a un lloc web ali\u00e8, ni garantir\u00e0 la disponibilitat t\u00e8cnica, qualitat, fiabilitat, exactitud, amplitud, veracitat, validesa i constitucionalitat de qualsevol material o informaci\u00f3 continguda en cap dels h\u00edper vincles citats o altres llocs d\u2019internet. Igualment la inclusi\u00f3 d\u2019aquestes connexions externes no implicar\u00e0 cap tipus d\u2019associaci\u00f3, fusi\u00f3 o participaci\u00f3 amb les entitats connectades.<\/p><p><b>9. Dret d\u2019exclusi\u00f3\u00a0<\/b><\/p><p>L\u2019Entitat es reserva el dret a denegar o retirar l\u2019acc\u00e9s a portal i\/o els serveis oferts sense necessitat de preav\u00eds, a instancia pr\u00f2pia o d\u2019un tercer, a aquells usuaris que incompleixin les presents Condicions Generals d\u2019\u00das.<\/p><p><b>10. Generalitats\u00a0<\/b><\/p><p>L\u2019Entitat perseguir\u00e0 l\u2019incompliment de les presents condicions aix\u00ed com qualsevol utilitzaci\u00f3 indeguda del seu portal exercint totes les accions civils i penals que li puguin correspondre en dret.<\/p><p><b>11. Modificaci\u00f3 de les presents condicions i duraci\u00f3\u00a0<\/b><\/p><p>L\u2019Entitat podr\u00e0 modificar en qualsevol moment les condicions aqu\u00ed determinades, sent degudament publicades com aqu\u00ed apareixen. La vig\u00e8ncia de les citades condicions anir\u00e0 en funci\u00f3 de la seva exposici\u00f3 i estaran vigents fins que siguin modificades per altres degudament publicades.<\/p><p><b>12. Legislaci\u00f3 aplicable i jurisdicci\u00f3\u00a0<\/b><\/p><p>La relaci\u00f3 entre l\u2019Entitat i l\u2019USUARI es regir\u00e0 per la normativa espanyola vigent i qualsevol controv\u00e8rsia es sotmetr\u00e0 als Jutjats i tribunals de la ciutat de Barcelona.<\/p><\/div><\/div><\/div><\/div><\/div><\/div>\t\t\t\t\t<\/div>\n\t\t\t\t\t\t<\/div>\n\t\t\t\t<\/div>\n\t\t\t\t\t\t<\/div>\n\t\t\t\t\t<\/div>\n\t\t<\/div>\n\t\t\t\t\t\t\t\t<\/div>\n\t\t\t\t\t<\/div>\n\t\t<\/section>\n\t\t\t\t\t\t\t\t\t<\/div>\n\t\t\t<\/div>\n\t\t\t\t\t<\/div>\n\t\t","protected":false},"excerpt":{"rendered":"<p>Av\u00eds legal y Pol\u00edtica de Cookies &nbsp;1. Dades d\u2019identificaci\u00f3&nbsp; En compliment amb el deure d\u2019informaci\u00f3 recollit a l\u2019article 10 de la Llei 34\/2002, d\u201911 de juliol, de Serveis de la Societat de la Informaci\u00f3 i el Comer\u00e7 Electronic, a continuaci\u00f3 es reflecteixen les seg\u00fcents dades: L\u2019empresa titular de www.mutua-enginyers.com, &nbsp;www.mutua-ingenieros.com, www.serpreco.com, www.mutuavalors.com, www.crouco.com, www.inspiritmutua.com, www.inspiritlab.com &hellip; <\/p>\n<p class=\"link-more\"><a href=\"https:\/\/www.inspiritlab.com\/index.php\/avis-legal-i-politica-de-cookies-cat\/\" class=\"more-link\">Continue reading<span class=\"screen-reader-text\"> &#8220;Av\u00eds Legal i Pol\u00edtica de Cookies CAT&#8221;<\/span><\/a><\/p>\n","protected":false},"author":1,"featured_media":0,"parent":0,"menu_order":0,"comment_status":"closed","ping_status":"closed","template":"elementor_canvas","meta":[],"_links":{"self":[{"href":"https:\/\/www.inspiritlab.com\/index.php\/wp-json\/wp\/v2\/pages\/299"}],"collection":[{"href":"https:\/\/www.inspiritlab.com\/index.php\/wp-json\/wp\/v2\/pages"}],"about":[{"href":"https:\/\/www.inspiritlab.com\/index.php\/wp-json\/wp\/v2\/types\/page"}],"author":[{"embeddable":true,"href":"https:\/\/www.inspiritlab.com\/index.php\/wp-json\/wp\/v2\/users\/1"}],"replies":[{"embeddable":true,"href":"https:\/\/www.inspiritlab.com\/index.php\/wp-json\/wp\/v2\/comments?post=299"}],"version-history":[{"count":12,"href":"https:\/\/www.inspiritlab.com\/index.php\/wp-json\/wp\/v2\/pages\/299\/revisions"}],"predecessor-version":[{"id":494,"href":"https:\/\/www.inspiritlab.com\/index.php\/wp-json\/wp\/v2\/pages\/299\/revisions\/494"}],"wp:attachment":[{"href":"https:\/\/www.inspiritlab.com\/index.php\/wp-json\/wp\/v2\/media?parent=299"}],"curies":[{"name":"wp","href":"https:\/\/api.w.org\/{rel}","templated":true}]}}