{"id":309,"date":"2019-03-26T15:25:15","date_gmt":"2019-03-26T15:25:15","guid":{"rendered":"https:\/\/www.inspiritlab.com\/?page_id=309"},"modified":"2019-04-03T16:04:11","modified_gmt":"2019-04-03T16:04:11","slug":"politica-de-privacitat","status":"publish","type":"page","link":"https:\/\/www.inspiritlab.com\/index.php\/politica-de-privacitat\/","title":{"rendered":"Pol\u00edtica de privacitat"},"content":{"rendered":"\t\t<div data-elementor-type=\"wp-post\" data-elementor-id=\"309\" class=\"elementor elementor-309\">\n\t\t\t\t\t\t<div class=\"elementor-inner\">\n\t\t\t\t<div class=\"elementor-section-wrap\">\n\t\t\t\t\t\t\t\t\t<section class=\"elementor-section elementor-top-section elementor-element elementor-element-7f602116 elementor-section-boxed elementor-section-height-default elementor-section-height-default\" data-id=\"7f602116\" data-element_type=\"section\">\n\t\t\t\t\t\t<div class=\"elementor-container elementor-column-gap-default\">\n\t\t\t\t\t\t\t<div class=\"elementor-row\">\n\t\t\t\t\t<div class=\"elementor-column elementor-col-100 elementor-top-column elementor-element elementor-element-2b8deb53\" data-id=\"2b8deb53\" data-element_type=\"column\">\n\t\t\t<div class=\"elementor-column-wrap elementor-element-populated\">\n\t\t\t\t\t\t\t<div class=\"elementor-widget-wrap\">\n\t\t\t\t\t\t<div class=\"elementor-element elementor-element-61462b32 elementor-widget elementor-widget-spacer\" data-id=\"61462b32\" data-element_type=\"widget\" data-widget_type=\"spacer.default\">\n\t\t\t\t<div class=\"elementor-widget-container\">\n\t\t\t\t\t<div class=\"elementor-spacer\">\n\t\t\t<div class=\"elementor-spacer-inner\"><\/div>\n\t\t<\/div>\n\t\t\t\t<\/div>\n\t\t\t\t<\/div>\n\t\t\t\t<div class=\"elementor-element elementor-element-504f5ccb elementor-widget elementor-widget-image\" data-id=\"504f5ccb\" data-element_type=\"widget\" data-widget_type=\"image.default\">\n\t\t\t\t<div class=\"elementor-widget-container\">\n\t\t\t\t\t\t\t\t<div class=\"elementor-image\">\n\t\t\t\t\t\t\t\t\t\t\t\t<img width=\"300\" height=\"257\" src=\"https:\/\/www.inspiritlab.com\/wp-content\/uploads\/2019\/03\/GRUP-MUTUA-cat-300x257.jpg\" class=\"attachment-medium size-medium\" alt=\"\" loading=\"lazy\" srcset=\"https:\/\/www.inspiritlab.com\/wp-content\/uploads\/2019\/03\/GRUP-MUTUA-cat-300x257.jpg 300w, https:\/\/www.inspiritlab.com\/wp-content\/uploads\/2019\/03\/GRUP-MUTUA-cat-768x658.jpg 768w, https:\/\/www.inspiritlab.com\/wp-content\/uploads\/2019\/03\/GRUP-MUTUA-cat-1024x878.jpg 1024w, https:\/\/www.inspiritlab.com\/wp-content\/uploads\/2019\/03\/GRUP-MUTUA-cat.jpg 1063w\" sizes=\"(max-width: 34.9rem) calc(100vw - 2rem), (max-width: 53rem) calc(8 * (100vw \/ 12)), (min-width: 53rem) calc(6 * (100vw \/ 12)), 100vw\" \/>\t\t\t\t\t\t\t\t\t\t\t\t\t\t<\/div>\n\t\t\t\t\t\t<\/div>\n\t\t\t\t<\/div>\n\t\t\t\t\t\t<\/div>\n\t\t\t\t\t<\/div>\n\t\t<\/div>\n\t\t\t\t\t\t\t\t<\/div>\n\t\t\t\t\t<\/div>\n\t\t<\/section>\n\t\t\t\t<section class=\"elementor-section elementor-top-section elementor-element elementor-element-54375eff elementor-section-boxed elementor-section-height-default elementor-section-height-default\" data-id=\"54375eff\" data-element_type=\"section\">\n\t\t\t\t\t\t<div class=\"elementor-container elementor-column-gap-default\">\n\t\t\t\t\t\t\t<div class=\"elementor-row\">\n\t\t\t\t\t<div class=\"elementor-column elementor-col-100 elementor-top-column elementor-element elementor-element-743af452\" data-id=\"743af452\" data-element_type=\"column\">\n\t\t\t<div class=\"elementor-column-wrap elementor-element-populated\">\n\t\t\t\t\t\t\t<div class=\"elementor-widget-wrap\">\n\t\t\t\t\t\t<div class=\"elementor-element elementor-element-51491aba elementor-widget elementor-widget-text-editor\" data-id=\"51491aba\" data-element_type=\"widget\" data-widget_type=\"text-editor.default\">\n\t\t\t\t<div class=\"elementor-widget-container\">\n\t\t\t\t\t\t\t\t<div class=\"elementor-text-editor elementor-clearfix\">\n\t\t\t\t<div><div><h3 style=\"box-sizing: border-box; font-size: 1.875rem; margin: 0px 0px 0.75em; clear: both; line-height: 1.4; padding: 0px;\">Pol\u00edtica de Privacitat<\/h3><div style=\"font-family: Roboto, sans-serif; font-size: 16px; font-weight: 400; letter-spacing: normal;\"><p>Sabem que la vostra privacitat \u00e9s important i per aix\u00f2 ens prenem molt seriosament la nostra tasca de garantir la confidencialitat de les vostres dades en compliment amb la normativa vigent. Si us plau, llegiu detingudament la informaci\u00f3 seg\u00fcent:<\/p><p><strong>Qui \u00e9s el responsable del tractament?<\/strong><\/p><p>LA MUTUALITAT DE PREVISI\u00d3 SOCIAL DEL COL\u00b7LEGI OFICIAL D\u2019ENGINYERS INDUSTRIALS DE CATALUNYA A PRIMA FIXA, CIF: V08430191, Via Laietana, 39, 2n, 08003 Barcelona (La M\u00fatua).<\/p><p>Les dades de contacte del delegat de Protecci\u00f3 de Dades s\u00f3n: dpd@mutua-enginyers.com.<\/p><p><strong>Quines categories de dades personals tractem i d\u2019on provenen?<\/strong><\/p><p>Tractem dades (nom i cognoms, dades de contacte, edat, etc.) dels sol\u00b7licitants i els participants en el Programa d\u2019acceleraci\u00f3 d\u2019empreses emergents (el Programa) i dades rellevants per a la participaci\u00f3 en les accions relacionades amb l\u2019acceleraci\u00f3 de les empreses emergents (<em>start-ups<\/em>).<\/p><p>Les dades sobre les persones procedeixen dels mateixos interessats.<\/p><p><strong>Quines s\u00f3n les finalitats del tractament?<\/strong><\/p><p>Les dades personals es tracten exclusivament per permetre la participaci\u00f3 en el Programa, la qual cosa inclou:<\/p><ul><li>Formaci\u00f3 per part d\u2019experts en emprenedoria i en el sector assegurador.<\/li><li>Mentoria per part de professionals experts en emprenedoria i en el sector assegurador.<\/li><li>Utilitzaci\u00f3 d\u2019espais de <em>coworking<\/em> durant el Programa.<\/li><li>Activitats de <em>networking<\/em> amb professionals que col\u00b7laborin en el Programa.<\/li><li>Obtenci\u00f3 de finan\u00e7ament i possibilitats de col\u00b7laboraci\u00f3 per a l\u2019acceleraci\u00f3 de les empreses emergents.<\/li><\/ul><p><strong>Quina \u00e9s la nostra legitimaci\u00f3 per al tractament?<\/strong><\/p><p>La legitimaci\u00f3 per tractar les dades \u00e9s el lliure consentiment de l\u2019interessat, prestat en sol\u00b7licitar la seva participaci\u00f3 en el Programa.<\/p><p><strong>A quins destinataris comuniquem les dades?<\/strong><\/p><p>Comuniquem dades personals a altres destinataris sempre que calgui per al compliment del Programa i de les nostres obligacions contractuals o legals.<\/p><p>Aix\u00ed mateix, podem comunicar dades a empreses del grup en el context de la promoci\u00f3 del Programa, la seva gesti\u00f3 administrativa i el compliment normatiu.<\/p><p>No es preveu la transfer\u00e8ncia de dades fora de l\u2019Espai Econ\u00f2mic Europeu.<\/p><p><strong>Quins s\u00f3n els terminis de conservaci\u00f3 de les dades personals?<\/strong><\/p><p>Conservarem les dades dels participants durant tota la vig\u00e8ncia del Programa i, posteriorment, durant el termini legalment exigible segons la normativa aplicable en cada cas.<\/p><p>Les dades contingudes en sol\u00b7licituds de participaci\u00f3 en el Programa no acceptades o d\u2019aquells participants que renunci\u00efn a participar-hi s\u2019han de conservar durant un termini de 12 mesos a partir de la no-acceptaci\u00f3 o de la ren\u00fancia.<\/p><p><strong>Quins s\u00f3n els vostres drets i com els podeu exercir?<\/strong><\/p><p>Teniu dret a accedir a les vostres dades personals, demanar-ne la rectificaci\u00f3 o la supressi\u00f3, sol\u00b7licitar-ne la portabilitat, limitar-ne el tractament, oposar-vos-hi o retirar el consentiment prestat per a aquest tractament. Tamb\u00e9 teniu dret a demanar la revisi\u00f3 de qualsevol decisi\u00f3 presa de manera automatitzada. Podeu exercir els vostres drets:<\/p><p>Per correu postal, a l\u2019adre\u00e7a Via Laietana, 39, 2n, 08003 Barcelona.<\/p><p>Per correu electr\u00f2nic, a l\u2019adre\u00e7a dpd@mutua-enginyers.com.<\/p><p>Per fer-ho, heu de proporcionar la informaci\u00f3 necess\u00e0ria per a la identificaci\u00f3 correcta, aix\u00ed com perqu\u00e8 sigui possible donar resposta a la vostra sol\u00b7licitud.<\/p><p>Igualment, teniu dret a reclamar davant l\u2019Ag\u00e8ncia Espanyola de Protecci\u00f3 de Dades (www.agpd.es) si creieu que s\u2019han vulnerat algun dels drets enumerats m\u00e9s amunt.<\/p><\/div><\/div><\/div>\t\t\t\t\t<\/div>\n\t\t\t\t\t\t<\/div>\n\t\t\t\t<\/div>\n\t\t\t\t\t\t<\/div>\n\t\t\t\t\t<\/div>\n\t\t<\/div>\n\t\t\t\t\t\t\t\t<\/div>\n\t\t\t\t\t<\/div>\n\t\t<\/section>\n\t\t\t\t\t\t\t\t\t<\/div>\n\t\t\t<\/div>\n\t\t\t\t\t<\/div>\n\t\t","protected":false},"excerpt":{"rendered":"<p>Pol\u00edtica de Privacitat Sabem que la vostra privacitat \u00e9s important i per aix\u00f2 ens prenem molt seriosament la nostra tasca de garantir la confidencialitat de les vostres dades en compliment amb la normativa vigent. Si us plau, llegiu detingudament la informaci\u00f3 seg\u00fcent: Qui \u00e9s el responsable del tractament? LA MUTUALITAT DE PREVISI\u00d3 SOCIAL DEL COL\u00b7LEGI &hellip; <\/p>\n<p class=\"link-more\"><a href=\"https:\/\/www.inspiritlab.com\/index.php\/politica-de-privacitat\/\" class=\"more-link\">Continue reading<span class=\"screen-reader-text\"> &#8220;Pol\u00edtica de privacitat&#8221;<\/span><\/a><\/p>\n","protected":false},"author":1,"featured_media":0,"parent":0,"menu_order":0,"comment_status":"closed","ping_status":"closed","template":"elementor_canvas","meta":[],"_links":{"self":[{"href":"https:\/\/www.inspiritlab.com\/index.php\/wp-json\/wp\/v2\/pages\/309"}],"collection":[{"href":"https:\/\/www.inspiritlab.com\/index.php\/wp-json\/wp\/v2\/pages"}],"about":[{"href":"https:\/\/www.inspiritlab.com\/index.php\/wp-json\/wp\/v2\/types\/page"}],"author":[{"embeddable":true,"href":"https:\/\/www.inspiritlab.com\/index.php\/wp-json\/wp\/v2\/users\/1"}],"replies":[{"embeddable":true,"href":"https:\/\/www.inspiritlab.com\/index.php\/wp-json\/wp\/v2\/comments?post=309"}],"version-history":[{"count":21,"href":"https:\/\/www.inspiritlab.com\/index.php\/wp-json\/wp\/v2\/pages\/309\/revisions"}],"predecessor-version":[{"id":515,"href":"https:\/\/www.inspiritlab.com\/index.php\/wp-json\/wp\/v2\/pages\/309\/revisions\/515"}],"wp:attachment":[{"href":"https:\/\/www.inspiritlab.com\/index.php\/wp-json\/wp\/v2\/media?parent=309"}],"curies":[{"name":"wp","href":"https:\/\/api.w.org\/{rel}","templated":true}]}}